-l + 7 = z + 1, 14 = 3*z + 2*l. Suppose 6*h - 1 - 23 = 0. Suppose 4*g - 2*n + z = 5*g, h = 4*n. Give w(g).
4
Let y(s) be the first derivative of s**4/4 - 3*s**3 - s**2/2 + 12*s - 40. Calculate y(9).
3
Suppose 6*q - 20 = q. Let v(a) = -q*a**3 + 4*a**3 - 6*a**3 - a**2 - a**2 + 1. Determine v(-1).
5
Let y(t) = 2*t + 2. Suppose -6*m - 43 = -7. Calculate y(m).
-10
Let v = 2 + 3. Let x(w) = 3*w + 9 - 2 - v. Calculate x(3).
11
Let v = -4 + 1. Let c be 1*(-3 + (-9)/v). Let b(n) = -n**2. Determine b(c).
0
Let i be (-31)/(-4) - (-1)/4. Let x(d) = d**3 - 7*d**2 - 8*d - 9. Calculate x(i).
-9
Let q(i) be the first derivative of i**7/840 + i**6/180 - i**5/60 + i**4/8 + 2*i**3/3 + 7. Let m(y) be the third derivative of q(y). What is m(-3)?
0
Suppose -3*v = 2*n + 34, 2*n + 0*n + 26 = -2*v. Let r(p) = p + 6. Give r(v).
-2
Let i(a) be the second derivative of -a**5/20 + a**4/3 + a**3 - 3*a. Suppose -16 = 3*s + 5. Let q = -2 - s. Determine i(q).
5
Let l(g) = -g**2 - 5*g + 10. Let z(b) = -2*b**2 - 9*b + 19. Let r(u) = -5*l(u) + 3*z(u). Let k be (-16)/(-6) + (-2)/3. Suppose 3*x = k*x - 5. Give r(x).
-8
Let o(u) be the second derivative of 2*u**3/3 - 20*u. What is o(-2)?
-8
Let q be (21/(-7))/(3/(-4)). Let s(u) = u**3 - 5*u**2 + 3*u - 4. What is s(q)?
-8
Let m = 36 + -31. Let z(f) be the second derivative of f**5/20 - f**4/2 + 7*f**3/6 - 7*f**2/2 - 2*f. Determine z(m).
3
Let u(h) = -15*h - 4*h - 6*h**2 + 5*h**2 + 4 + 5*h. Let s be u(-14). Let j(r) be the first derivative of -r**3/3 + 5*r**2/2 + r - 1. Give j(s).
5
Let n(h) be the second derivative of -5*h**3/6 + 2*h. Let b(t) = -t**3 + 10*t**2 + 12*t - 12. Let u be b(11). Let p be u*4/12*3. What is n(p)?
5
Let f(y) = -5*y + 3. Let h(b) = 4*b + 6 - 2*b - 11*b. Let r(q) = -5*f(q) + 3*h(q). What is r(3)?
-3
Let c = 10 - 3. Let a(z) = z**2 - 8*z - 9. Give a(c).
-16
Let t(f) = -3*f - 18. Let c be t(-5). Let k(i) = i**2. Determine k(c).
9
Let x(s) = -s**2 - 3 - 59*s + 54*s + 6. Give x(-4).
7
Let m(y) = y**3 + 6*y**2 + 6*y - 6. Suppose a = -2*a - r - 17, 3*a + 4*r + 23 = 0. Give m(a).
-11
Let y(z) = 0*z**2 - 3*z + 6*z**2 + 1 - 3*z - 5*z**2. What is y(5)?
-4
Let r(x) = x**3 - 9*x**2 + x - 12. Let n be r(9). Let v(l) = -2*l - 2. Determine v(n).
4
Let g(c) = c**3 + 3*c**2 - 4*c + 1. Let f(i) = i**3 - 2*i**2 + i + 4. Let s be f(3). Let q = 2 + -2. Suppose s = -q*p - 4*p. What is g(p)?
1
Let j(a) = 8*a + 4*a - a. Give j(2).
22
Let q = 295 - 7079/24. Let x(w) be the third derivative of -3*w**2 + 0*w - 1/60*w**5 - q*w**4 - 1/2*w**3 + 0. What is x(0)?
-3
Let v(c) = 2*c**3 + 4*c**2 - 2*c - 2. Suppose 2*s + 8 = -2*l, 1 = -2*s - 1. Determine v(l).
-14
Let m(i) = -2*i. Let g = -10 - -7. Calculate m(g).
6
Let y = -13 - -16. Let a(o) = 43*o - 45*o - 2*o**3 - 2*o**2 - 1 - 2*o**y. Give a(-1).
3
Suppose 0*c = -c. Let l(o) = -o**3 - 9 - 4*o + 4*o. What is l(c)?
-9
Let m(s) = 3*s + 1. Suppose -4*a + 5*t = -11, -2*t = 4*a + 3*t + 19. Let u be -2*(0 + 2 + a). Determine m(u).
-5
Let a(u) = u + 1. Let q(b) = -4*b + 0*b - 5 - 11. Let h(v) = -5*a(v) - q(v). Determine h(5).
6
Let i(c) = c**3 + 6*c**2 + c - 4. Suppose n = -2 - 3. What is i(n)?
16
Suppose -11 = -r + 3*g, 3*r + 0*r + 3*g = 9. Let y(n) = n**3 - 5*n**2 - 3*n + 1. Determine y(r).
-14
Let u(o) = -o**3 + 4*o**2 - o + 1. Suppose -g + 2*g = 10. Let n = 5 - g. Let p(i) = i**3 + 5*i**2 - i - 3. Let x be p(n). What is u(x)?
7
Let f(c) = c**3 - 7*c**2 - 4*c + 1. Let h(i) = -i**3 + 8*i**2 + 4*i - 2. Let q(l) = 4*f(l) + 3*h(l). Determine q(5).
3
Let f(x) = -x**3 + 4*x**2 + 5*x - 5. Suppose 0 = -34*d + 30*d + 16. Calculate f(d).
15
Let l(s) = 9*s**2 - s. Let k(j) = -4 - 1 + j - 1. Let d(g) = g - 7. Let o(c) = 2*d(c) - 3*k(c). Let x be o(3). Calculate l(x).
8
Suppose -6*u = -3*u - 3. Let d be -1 - u - -2*3. Let a(r) = r**2 - 5*r + 1. Give a(d).
-3
Let o be 4 - (0 + (-2 - 0)). Let b(v) = v**3 - 6*v**2 + 3. Determine b(o).
3
Let j(z) = -2 - 14*z + z**2 + 0*z**2 + 32*z - 19*z. Suppose 5*v - 5 = -3*h, 0 = v - 0*h - 3*h + 17. Calculate j(v).
4
Let f(n) = 2*n - 6. Suppose 0 = 4*g + g. Suppose d + 1 = g, 6*u - 18 = u + 3*d. Suppose -u*l + 6*l + 28 = 4*a, 20 = 2*a - 3*l. What is f(a)?
2
Let g(j) = j**2 - 20 - 15*j**3 - j + 0*j + 21 + 2*j. Calculate g(-1).
16
Let g(n) = 5*n + 3 + 6*n**2 + 0*n**2 - 2*n + 0*n. Give g(-2).
21
Let r(k) = 7*k + 9. Let j(c) = c + 1. Let l(m) = -5*j(m) + r(m). Let s(g) = g**3 + 8*g**2 + 5*g - 10. Let v be s(-7). Determine l(v).
12
Let f be ((-9)/6)/(9/(-24)). Let o(w) be the third derivative of -1/60*w**5 + 0*w**3 + 1/12*w**f - 2*w**2 + 0 + 0*w. Determine o(1).
1
Let n(r) = -r - 2. Suppose 21 = -3*t - 2*o, -3*t - 5*o - 15 = -o. Let w = t + 11. Calculate n(w).
-4
Let v(x) = x - 4. Let s(f) = 2*f - 9. Let c(n) = 3*n - 13. Let o(j) = -5*c(j) + 7*s(j). Let y be o(-2). Let t be v(y). Let g(q) = q - 6. Give g(t).
-6
Suppose 7 - 4 = 3*q. Let d(x) = -x. Give d(q).
-1
Let c(i) = -4*i - 2. Let z(r) = r**2 + r + 1. Let f(b) = -c(b) + z(b). Calculate f(-5).
3
Suppose q = -0*q + 1. Let c(l) = 2 - 3*l - 1 - 6*l + 0. What is c(q)?
-8
Let h(s) = -s**3 - s + 1. Suppose 4*u - 26 = 5*y, -3*y + 24 = -7*y + 4*u. Let j = y - -2. Calculate h(j).
1
Let z(n) = n + 10. Let u(r) = r**3 + 2*r**2 + 3*r + 10. Let k be u(-3). What is z(k)?
2
Let c(w) = w**3 - 6*w**2 + 5*w - 4. Suppose -15 + 0 = -3*g - 4*m, 0 = 2*g - m - 10. Give c(g).
-4
Let w(f) = f**2 - f + 4. Let b = 5 - 7. Let r be -3 - b - (4 + -3). Let j be (r - -2)*(-2)/4. Determine w(j).
4
Let j(n) = n**3 - 2*n**2 - 4*n + 3. Let p be j(3). Let s be p*(30/(-9) + 3). Let r(c) = -c**3 + c**2 - 7. Calculate r(s).
-7
Let o(c) = -11*c**3 - 3*c**2 + 6*c + 5. Let u(w) = 4*w**3 + w**2 - 2*w - 2. Let h(a) = -3*o(a) - 8*u(a). Let k = -1 + -1. What is h(k)?
1
Let s(c) = c**3 - 6*c**2 + 5*c + 4. Suppose 21*j = 17*j + 16. Calculate s(j).
-8
Let q(o) be the third derivative of o**4/12 - o**3/6 + 11*o**2. What is q(-3)?
-7
Let u(s) be the second derivative of s + 5/6*s**3 + 3/2*s**2 + 0 - 1/12*s**4. Let z be 21/4 + (-2)/8. Determine u(z).
3
Let t(j) = -j - 3. Let z = -6 + -2. Let o be (0/(-2))/(z/(-8)). Give t(o).
-3
Let z(w) = 6 + w + w**3 - 1 + 7 - 4. Let a(t) = t**2 + t - 2. Let c be a(-3). Suppose -f + c*f = 0. Determine z(f).
8
Let s(n) be the second derivative of -n**3/6 - 5*n**2/2 + 2*n. Let m = 235 - 235. What is s(m)?
-5
Let b = -21 - -25. Let l(m) = -m**2 + 4*m + 3. Calculate l(b).
3
Let r(b) = -b**3 - 4*b**2 - b. Let u(x) be the second derivative of x**3/3 - 3*x. Let h be u(-1). What is r(h)?
-6
Let q(j) be the second derivative of j**4/12 - 5*j**3/6 + 5*j**2/2 + j. Let h(y) be the first derivative of q(y). Give h(5).
5
Let v(k) = 4*k**2 - 1. Let c be v(1). Let y(q) = -c + 2*q**2 + 5*q - 3*q**2 + 5. Let h be -2*2*(-14)/28 + 2. Give y(h).
6
Let k be (-3)/(-2)*(0 - -4). Suppose -4*q = -5*d - 6*q + 2, d = q + k. Let r(b) = -3 - 5*b - 1 + b**3 - 2*b**d + 4*b**2. Determine r(-3).
2
Let l(c) = -2*c**2 - 8*c + 6. Let o = 9 - 15. What is l(o)?
-18
Let h(z) be the first derivative of -z**2/2 + z - 5. What is h(5)?
-4
Let t(y) = 3*y - 7. Let q(g) = 0 + g**3 - 2*g**2 + 0*g**3 - g - 1. Let i be q(3). What is t(i)?
8
Let l(c) = -c - 1. Suppose -3*k + 16 = -4*h - 8, 4*k - 22 = 2*h. Give l(h).
2
Suppose -1 - 4 = -s. Suppose 0 = -2*q - 4*r + r - 15, 0 = 3*q - s*r - 25. Let d(z) = 2*z - z**3 + 4*z + 3 + q*z**3 - 4*z**2. What is d(-5)?
-2
Let t(b) = -b + 8. Suppose 4 = 5*i - 4*f, 2*i = -0*i + 2*f. Suppose -3*m - j + 19 = 0, -5*m = j - i*j - 27. Determine t(m).
2
Let f(t) be the first derivative of -t**3/3 + 7*t**2/2 + 8*t - 3. Calculate f(6).
14
Let u(k) = -k + 3. Suppose 0 = -4*o + 26 - 10. Let z(l) = -l + 2. Let i(x) = o*u(x) - 3*z(x). Let g be 0/(-7) + (1 - 1). What is i(g)?
6
Let l(h) = -25*h + 22*h + 0 - 3 - 2*h**2 - h**3. Let i(p) = -p**2 - p - 2. Let n be i(0). Determine l(n).
3
Let g(i) = 2*i**2 + i. Let p be (-12)/(-20)*3 + (-2)/(-10). Give g(p).
10
Let o = -3 - -2. Let u(l) be the second derivative of 2*l**3/3 - 5*l. What is u(o)?
-4
Suppose 2*p - 4*p - 5*n + 29 = 0, -2*n = -5*p. Suppose a - 6 = -0*a. Let z(i) = -4*i - a + p*i + 1. Give z(-4).
3
Suppose 3*l + 33 = 3*p - 0*l, 2*l = -10. Suppose -2*f - 8 = -3*q + p*q, 5*f - 14 = q. Let t(c) = -4*c + 3*c - f - c. Give t(-3).
4
Let c(z) = z**3 + 6*z**2 - 4*z - 2. Let g be c(-5). Suppose 5*t - g = -13. Let d(b) = b 